{"id":99,"date":"2019-11-17T01:00:29","date_gmt":"2019-11-17T00:00:29","guid":{"rendered":"http:\/\/rojane.fr\/?page_id=99"},"modified":"2021-11-21T15:03:40","modified_gmt":"2021-11-21T14:03:40","slug":"presentation","status":"publish","type":"page","link":"https:\/\/rojane.fr\/?page_id=99","title":{"rendered":"Pr\u00e9sentation de la saga XAVE"},"content":{"rendered":"\n<p>Le m\u00e9tier \u00e0 l&#8217;instar de la soci\u00e9t\u00e9 \u00e0 subi de nombreuses \u00e9volutions pour ne pas parler de r\u00e9volution&#8230;<\/p>\n\n\n\n<p><strong>Le statut<\/strong> : d&#8217;instituteur \u00e0 professeur des \u00e9coles&#8230; Le m\u00eame m\u00e9tier mais avec un niveau de recrutement beaucoup plus \u00e9lev\u00e9 pour un salaire un peu sup\u00e9rieur.<\/p>\n\n\n\n<p><strong>Le mat\u00e9riel<\/strong> : <a href=\"https:\/\/fr.wikipedia.org\/wiki\/Duplicateur_%C3%A0_alcool\">La poly copieuse<\/a> ( \u00e0 base de papier carbone et alcool ) \u00e0  laiss\u00e9 progressivement place au photocopieur de la mairie. Ce dernier s&#8217;est finalement d\u00e9plac\u00e9 dans les \u00e9coles avant d&#8217; \u00eatre remplac\u00e9 par l&#8217;imprimante ou le photocopieur multifonction. <\/p>\n\n\n\n<p><strong>La communication<\/strong> : le petit mot \u00e9crit aux familles ou celui des parents existe toujours, mais virtuellement. Le t\u00e9l\u00e9phone aussi, m\u00eame s&#8217;il sert de moins en moins \u00e0 t\u00e9l\u00e9phoner. Les cahier de vie laissent peu \u00e0 peu la place au blog et sites.<\/p>\n\n\n\n<p><strong>Les parents<\/strong> : \u00e0 l&#8217;instar de la soci\u00e9t\u00e9, ils ont beaucoup chang\u00e9. Plus instruits et plus occup\u00e9s, ils sont devenus des partenaires de l&#8217;\u00e9cole  exigeants.<\/p>\n\n\n\n<p><strong>L&#8217;auteur<\/strong> a effectu\u00e9 la plus grande partie de sa carri\u00e8re en maternelle, que ce soit en zone rurale ou urbaine.  Il a vu d\u00e9filer ces profondes mutations et de nombreuses r\u00e9formes et ministres. Il s&#8217;en ait nourri pour les restituer sous la forme d&#8217;une trilogie mettant en sc\u00e8ne un jeune enseignant confront\u00e9s au difficult\u00e9s et d\u00e9rives du m\u00e9tiers. <\/p>\n\n\n\n<p>Vol 1 : (Le pied dans la fourmili\u00e8re) Il faut sauver l&#8217;\u00e9colier Aymeric <\/p>\n\n\n\n<p>Vol 2 : Le p\u00e8re No\u00ebl est entr\u00e9 par la porte, le voleur est sorti par la fen\u00eatre<\/p>\n\n\n\n<p>vol 3 : (en cours d&#8217;\u00e9criture)<\/p>\n","protected":false},"excerpt":{"rendered":"<p>Le m\u00e9tier \u00e0 l&#8217;instar de la soci\u00e9t\u00e9 \u00e0 subi de nombreuses \u00e9volutions pour ne pas parler de r\u00e9volution&#8230; Le statut : d&#8217;instituteur \u00e0 professeur des \u00e9coles&#8230; Le m\u00eame m\u00e9tier mais avec un niveau de recrutement beaucoup plus \u00e9lev\u00e9 pour un salaire un peu sup\u00e9rieur. Le mat\u00e9riel : La poly copieuse ( \u00e0 base de papier [&hellip;]<\/p>\n","protected":false},"author":1,"featured_media":0,"parent":0,"menu_order":0,"comment_status":"closed","ping_status":"closed","template":"","meta":{"footnotes":""},"class_list":["post-99","page","type-page","status-publish","hentry"],"_links":{"self":[{"href":"https:\/\/rojane.fr\/index.php?rest_route=\/wp\/v2\/pages\/99","targetHints":{"allow":["GET"]}}],"collection":[{"href":"https:\/\/rojane.fr\/index.php?rest_route=\/wp\/v2\/pages"}],"about":[{"href":"https:\/\/rojane.fr\/index.php?rest_route=\/wp\/v2\/types\/page"}],"author":[{"embeddable":true,"href":"https:\/\/rojane.fr\/index.php?rest_route=\/wp\/v2\/users\/1"}],"replies":[{"embeddable":true,"href":"https:\/\/rojane.fr\/index.php?rest_route=%2Fwp%2Fv2%2Fcomments&post=99"}],"version-history":[{"count":5,"href":"https:\/\/rojane.fr\/index.php?rest_route=\/wp\/v2\/pages\/99\/revisions"}],"predecessor-version":[{"id":155,"href":"https:\/\/rojane.fr\/index.php?rest_route=\/wp\/v2\/pages\/99\/revisions\/155"}],"wp:attachment":[{"href":"https:\/\/rojane.fr\/index.php?rest_route=%2Fwp%2Fv2%2Fmedia&parent=99"}],"curies":[{"name":"wp","href":"https:\/\/api.w.org\/{rel}","templated":true}]}}