{"id":538,"date":"2023-06-25T16:37:17","date_gmt":"2023-06-25T14:37:17","guid":{"rendered":"https:\/\/rojane.fr\/?page_id=538"},"modified":"2023-06-27T09:18:18","modified_gmt":"2023-06-27T07:18:18","slug":"les-projets","status":"publish","type":"page","link":"https:\/\/rojane.fr\/?page_id=538","title":{"rendered":"Les projets"},"content":{"rendered":"\n<p>La science fiction : L&#8217;Emp\u00e9rium (en recherche d&#8217;\u00e9diteur)<\/p>\n\n\n\n<p><em>L&#8217;Emp\u00e9rium est un roman de SF genre <strong>space op\u00e9ra<\/strong>&#8230; comme on n&#8217;en fait plus, mais avec une dimension aussi moderne que humoristique. J&#8217;ai \u00e9crit ce roman en l&#8217;imaginant sous la forme d&#8217;une s\u00e9rie, multipliant les rebondissements, \u00e9motions, actions et d\u00e9paysement, humour et, bien s\u00fbr, suspense en fin de chapitre&#8230;<\/em><\/p>\n\n\n\n<p><em>La seule contribution de l&#8217;intelligence artificielle se situe en tant que personnage de ce roman, mais surtout pas dans la conception ni la r\u00e9daction de l&#8217;histoire.<\/em> ( Par contre l&#8217;illustration ci-dessous est de son fait \ud83d\ude42<\/p>\n\n\n\n<figure class=\"wp-block-image size-full\"><img loading=\"lazy\" decoding=\"async\" width=\"1024\" height=\"1024\" src=\"https:\/\/rojane.fr\/wp-content\/uploads\/2023\/06\/A.jpg\" alt=\"\" class=\"wp-image-700\" srcset=\"https:\/\/rojane.fr\/wp-content\/uploads\/2023\/06\/A.jpg 1024w, https:\/\/rojane.fr\/wp-content\/uploads\/2023\/06\/A-300x300.jpg 300w, https:\/\/rojane.fr\/wp-content\/uploads\/2023\/06\/A-150x150.jpg 150w, https:\/\/rojane.fr\/wp-content\/uploads\/2023\/06\/A-768x768.jpg 768w, https:\/\/rojane.fr\/wp-content\/uploads\/2023\/06\/A-600x600.jpg 600w, https:\/\/rojane.fr\/wp-content\/uploads\/2023\/06\/A-100x100.jpg 100w\" sizes=\"auto, (max-width: 1024px) 100vw, 1024px\" \/><\/figure>\n","protected":false},"excerpt":{"rendered":"<p>La science fiction : L&#8217;Emp\u00e9rium (en recherche d&#8217;\u00e9diteur) L&#8217;Emp\u00e9rium est un roman de SF genre space op\u00e9ra&#8230; comme on n&#8217;en fait plus, mais avec une dimension aussi moderne que humoristique. J&#8217;ai \u00e9crit ce roman en l&#8217;imaginant sous la forme d&#8217;une s\u00e9rie, multipliant les rebondissements, \u00e9motions, actions et d\u00e9paysement, humour et, bien s\u00fbr, suspense en fin [&hellip;]<\/p>\n","protected":false},"author":1,"featured_media":0,"parent":0,"menu_order":0,"comment_status":"closed","ping_status":"closed","template":"","meta":{"footnotes":""},"class_list":["post-538","page","type-page","status-publish","hentry"],"_links":{"self":[{"href":"https:\/\/rojane.fr\/index.php?rest_route=\/wp\/v2\/pages\/538","targetHints":{"allow":["GET"]}}],"collection":[{"href":"https:\/\/rojane.fr\/index.php?rest_route=\/wp\/v2\/pages"}],"about":[{"href":"https:\/\/rojane.fr\/index.php?rest_route=\/wp\/v2\/types\/page"}],"author":[{"embeddable":true,"href":"https:\/\/rojane.fr\/index.php?rest_route=\/wp\/v2\/users\/1"}],"replies":[{"embeddable":true,"href":"https:\/\/rojane.fr\/index.php?rest_route=%2Fwp%2Fv2%2Fcomments&post=538"}],"version-history":[{"count":2,"href":"https:\/\/rojane.fr\/index.php?rest_route=\/wp\/v2\/pages\/538\/revisions"}],"predecessor-version":[{"id":701,"href":"https:\/\/rojane.fr\/index.php?rest_route=\/wp\/v2\/pages\/538\/revisions\/701"}],"wp:attachment":[{"href":"https:\/\/rojane.fr\/index.php?rest_route=%2Fwp%2Fv2%2Fmedia&parent=538"}],"curies":[{"name":"wp","href":"https:\/\/api.w.org\/{rel}","templated":true}]}}