{"id":179,"date":"2021-11-21T16:54:18","date_gmt":"2021-11-21T15:54:18","guid":{"rendered":"https:\/\/rojane.fr\/index.php\/colibri-wp\/"},"modified":"2023-06-27T09:32:14","modified_gmt":"2023-06-27T07:32:14","slug":"colibri-wp","status":"publish","type":"page","link":"https:\/\/rojane.fr\/","title":{"rendered":"Les ouvrages"},"content":{"rendered":"\n<div id=\"grid-gallery-3-78994\" data-gg-id=\"3\" data-title=\"Les ouvrages\" data-grid-type=\"2\" data-offset=\"10.3\" data-area-position=\"center\" data-icons=\"false\" data-preloader=\"true\" data-width=\"auto\" data-height=\"300\" data-padding=\"0\" data-quicksand=\"disabled\" data-quicksand-duration=\"none\" data-popup-theme=\"theme_6\" data-popup-type=\"pretty-photo\" data-popup-image-text=\"data-description\" data-popup-widthsize=\"auto\" data-popup-heightsize=\"auto\" data-popup-i18n-words=\"{&quot;close&quot;:&quot;fermer&quot;,&quot;next&quot;:&quot;suivant&quot;,&quot;previous&quot;:&quot;pr\\u00e9c\\u00e9dent&quot;,&quot;start_slideshow&quot;:&quot;d\\u00e9marrer le diaporama&quot;,&quot;stop_slideshow&quot;:&quot;arr\\u00e9ter le diaporama&quot;,&quot;image&quot;:&quot;image&quot;,&quot;of&quot;:&quot;de&quot;,&quot;prev&quot;:&quot;pr\\u00e9c.&quot;,&quot;cExpand&quot;:&quot;Agrandir&quot;,&quot;cPrevious&quot;:&quot;Pr\\u00e9c\\u00e9dent&quot;,&quot;cNext&quot;:&quot;Suivant&quot;,&quot;cExpandStr&quot;:&quot;Agrandir l&#039;image&quot;,&quot;cRotate&quot;:&quot;Pivoter&quot;,&quot;cDetails&quot;:&quot;Details&quot;}\" data-popup-slideshow=\"false\" data-popup-slideshow-speed=\"2500\" data-popup-hoverstop=\"true\" data-popup-slideshow-auto=\"false\" data-popup-background=\"\" data-popup-transparency=\"30\" data-popup-disable-history=\"\" data-popup-disable-changed-url=\"\" data-popup-border-type=\"solid\" data-popup-border-color=\"\" data-popup-border-width=\"\" data-popup-border-enable=\"\" data-fullscreen=\"false\" data-hide-tooltip=\"false\" data-caption-font-family=\"Default\" data-caption-text-size=\"14px\" data-is-mobile=\"0\" data-caption-mobile=\"false\" data-hide-long-tltp-title=\"0\" data-caption-disabled-on-mobile=\"false\" data-popup-placement-type=\"0\" data-social-sharing=\"{&quot;enabled&quot;:&quot;&quot;,&quot;gallerySharing&quot;:{&quot;enabled&quot;:null,&quot;position&quot;:null},&quot;imageSharing&quot;:{&quot;enabled&quot;:null,&quot;wrapperClass&quot;:&quot; vertical \\n &quot;},&quot;popupSharing&quot;:{&quot;enabled&quot;:null,&quot;wrapperClass&quot;:&quot; vertical \\n &quot;}}\" class=\"grid-gallery grid-gallery-fixed \" style=\" width:100%; height:auto ; margin-left:auto; margin-right:auto; position:relative;\" > <div class=\"gallery-loading\"> <div class=\"blocks\"> <div class=\"block\"><\/div> <div class=\"block\"><\/div> <div class=\"block\"><\/div> <div class=\"block\"><\/div> <\/div> <\/div> <div class=\"gallery-sharing-top\"><\/div> <div id=\"photos-3\" class=\"grid-gallery-photos \" > <a id=\"gg-3-9\" class=\"gg-link \" data-attachment-id=\"332\" href=\"https:\/\/www.amazon.fr\/pied-dans-fourmili%C3%A8re-ROJANE\/dp\/2377892361\/ref=sr_1_7?__mk_fr_FR=%C3%85M%C3%85%C5%BD%C3%95%C3%91&amp;keywords=rojane&amp;qid=1687757887&amp;sr=8-7\" target=\"_blank\" title=\"https:\/\/rojane.fr\/wp-content\/uploads\/2021\/11\/cropped-cropped-pied-proposition00.jpg\" rel=\"\" data-type=\"link\" style=\"border-radius: 30px;\" ><FIGURE class=\"grid-gallery-caption shadow-show \" data-grid-gallery-type=\"quarter-two-step\" data-index=\"0\" style=\"display:none;border: 3px groove black; border-radius: 30px; box-shadow: 2px 4px 5px #000000; ; margin: 5.15px; height:300px; width:auto;\" ><div class=\"crop \" style=\" \"><img decoding=\"async\" src=\"https:\/\/rojane.fr\/wp-content\/uploads\/2021\/11\/cropped-cropped-pied-proposition00-202x300.jpg\" class=\"ggImg ggNotInitImg\" alt=\"Le pied dans la fourmili\u00e8re\" title=\"https:\/\/rojane.fr\/wp-content\/uploads\/2021\/11\/cropped-cropped-pied-proposition00.jpg\" data-description=\"https:\/\/rojane.fr\/wp-content\/uploads\/2021\/11\/cropped-cropped-pied-proposition00.jpg\" data-caption=\"cropped-cropped-pied-proposition00.jpg\" data-title=\"cropped-cropped-pied-proposition00.jpg\" style=\" height:300px; width:auto; \" \/><\/div><FIGCAPTION class=\"\" data-alpha=\"5\" style=\"color:#ffffff; background-color:#0c0000; font-size:14px; text-align:left; font-family:Default;\" ><div class=\"grid-gallery-figcaption-wrap\" style=\" vertical-align:top; \"><\/div><\/FIGCAPTION><\/FIGURE><\/a> <a id=\"gg-3-11\" class=\"gg-link \" data-attachment-id=\"301\" href=\"https:\/\/www.amazon.fr\/faut-sauver-l%C3%A9colier-Aymeric\/dp\/2958217914\/ref=sr_1_35?__mk_fr_FR=%C3%85M%C3%85%C5%BD%C3%95%C3%91&amp;keywords=rojane&amp;qid=1687757956&amp;sr=8-35\" target=\"_self\" title=\"https:\/\/rojane.fr\/wp-content\/uploads\/2021\/11\/cropped-aymeric-site.jpg\" rel=\"\" data-type=\"link\" style=\"border-radius: 30px;\" ><FIGURE class=\"grid-gallery-caption shadow-show \" data-grid-gallery-type=\"quarter-two-step\" data-index=\"1\" style=\"display:none;border: 3px groove black; border-radius: 30px; box-shadow: 2px 4px 5px #000000; ; margin: 5.15px; height:300px; width:auto;\" ><div class=\"crop \" style=\" \"><img decoding=\"async\" src=\"https:\/\/rojane.fr\/wp-content\/uploads\/2021\/11\/cropped-aymeric-site-218x300.jpg\" class=\"ggImg ggNotInitImg\" alt=\"Il faux sauv\u00e9 l\u00e9s coliers aymeric\" title=\"https:\/\/rojane.fr\/wp-content\/uploads\/2021\/11\/cropped-aymeric-site.jpg\" data-description=\"https:\/\/rojane.fr\/wp-content\/uploads\/2021\/11\/cropped-aymeric-site.jpg\" data-caption=\"cropped-aymeric-site.jpg\" data-title=\"cropped-aymeric-site.jpg\" style=\" height:300px; width:auto; \" \/><\/div><FIGCAPTION class=\"\" data-alpha=\"5\" style=\"color:#ffffff; background-color:#0c0000; font-size:14px; text-align:left; font-family:Default;\" ><div class=\"grid-gallery-figcaption-wrap\" style=\" vertical-align:top; \"><\/div><\/FIGCAPTION><\/FIGURE><\/a> <a id=\"gg-3-12\" class=\"gg-link \" data-attachment-id=\"378\" href=\"https:\/\/www.amazon.fr\/bonnes-nouvelles-Rojane\/dp\/2958217906\/ref=sr_1_40?__mk_fr_FR=%C3%85M%C3%85%C5%BD%C3%95%C3%91&amp;keywords=rojane&amp;qid=1687758010&amp;sr=8-40\" target=\"_blank\" title=\"couverture-1 copie\" rel=\"\" data-type=\"link\" style=\"border-radius: 30px;\" ><FIGURE class=\"grid-gallery-caption shadow-show \" data-grid-gallery-type=\"quarter-two-step\" data-index=\"2\" style=\"display:none;border: 3px groove black; border-radius: 30px; box-shadow: 2px 4px 5px #000000; ; margin: 5.15px; height:300px; width:auto;\" ><div class=\"crop \" style=\" \"><img decoding=\"async\" src=\"https:\/\/rojane.fr\/wp-content\/uploads\/2021\/11\/couverture-1-copie-214x300.jpg\" class=\"ggImg ggNotInitImg\" alt=\"De bonnes nouvelles\" title=\"couverture-1 copie\" data-description=\"couverture-1 copie\" data-caption=\"couverture-1 copie\" data-title=\"couverture-1 copie\" style=\" height:300px; width:auto; \" \/><\/div><FIGCAPTION class=\"\" data-alpha=\"5\" style=\"color:#ffffff; background-color:#0c0000; font-size:14px; text-align:left; font-family:Default;\" ><div class=\"grid-gallery-figcaption-wrap\" style=\" vertical-align:top; \"><\/div><\/FIGCAPTION><\/FIGURE><\/a> <a id=\"gg-3-13\" class=\"gg-link \" data-attachment-id=\"385\" href=\"https:\/\/rojane.fr\/wp-content\/uploads\/2021\/11\/cropped-Xave2.jpg?gid=3\" target=\"_self\" title=\"https:\/\/rojane.fr\/wp-content\/uploads\/2021\/11\/cropped-Xave2.jpg\" data-rel=\"prettyPhoto[pp_gal]\" style=\"border-radius: 30px;\" ><FIGURE class=\"grid-gallery-caption shadow-show \" data-grid-gallery-type=\"quarter-two-step\" data-index=\"3\" style=\"display:none;border: 3px groove black; border-radius: 30px; box-shadow: 2px 4px 5px #000000; ; margin: 5.15px; height:300px; width:auto;\" ><div class=\"crop \" style=\" \"><img decoding=\"async\" src=\"https:\/\/rojane.fr\/wp-content\/uploads\/2021\/11\/cropped-Xave2-253x300.jpg\" class=\"ggImg ggNotInitImg\" alt=\"Le P\u00e8re N\u00f6el est entr\u00e9 par la porte. Le voleurs est sorti par la fen\u00e8tre.\" title=\"https:\/\/rojane.fr\/wp-content\/uploads\/2021\/11\/cropped-Xave2.jpg\" data-description=\"https:\/\/rojane.fr\/wp-content\/uploads\/2021\/11\/cropped-Xave2.jpg\" data-caption=\"cropped-Xave2.jpg\" data-title=\"cropped-Xave2.jpg\" style=\" height:300px; width:auto; \" \/><\/div><FIGCAPTION class=\"\" data-alpha=\"5\" style=\"color:#ffffff; background-color:#0c0000; font-size:14px; text-align:left; font-family:Default;\" ><div class=\"grid-gallery-figcaption-wrap\" style=\" vertical-align:top; \"><\/div><\/FIGCAPTION><\/FIGURE><\/a> <a id=\"gg-3-14\" class=\"gg-link \" data-attachment-id=\"551\" href=\"https:\/\/www.amazon.fr\/groumpf-Rojane\/dp\/2958217922\/ref=sr_1_1?__mk_fr_FR=%C3%85M%C3%85%C5%BD%C3%95%C3%91&amp;keywords=rojane&amp;qid=1687757573&amp;sr=8-1\" target=\"_self\" title=\"couverture 2\" rel=\"\" data-type=\"link\" style=\"border-radius: 30px;\" ><FIGURE class=\"grid-gallery-caption shadow-show \" data-grid-gallery-type=\"quarter-two-step\" data-index=\"4\" style=\"display:none;border: 3px groove black; border-radius: 30px; box-shadow: 2px 4px 5px #000000; ; margin: 5.15px; height:300px; width:auto;\" ><div class=\"crop \" style=\" \"><img decoding=\"async\" src=\"https:\/\/rojane.fr\/wp-content\/uploads\/2023\/06\/couverture-2-222x300.jpg\" class=\"ggImg ggNotInitImg\" alt=\"Groumpf\" title=\"couverture 2\" data-description=\"couverture 2\" data-caption=\"couverture 2\" data-title=\"couverture 2\" style=\" height:300px; width:auto; \" \/><\/div><FIGCAPTION class=\"\" data-alpha=\"5\" style=\"color:#ffffff; background-color:#0c0000; font-size:14px; text-align:left; font-family:Default;\" ><div class=\"grid-gallery-figcaption-wrap\" style=\" vertical-align:top; \"><\/div><\/FIGCAPTION><\/FIGURE><\/a> <div class=\"grid-gallery-clearfix\"><\/div> <\/div> <div class=\"gallery-sharing-bottom\"><\/div> <div class=\"grid-gallery-clearfix\"><\/div> <\/div> <!-- Gallery by Supsystic plugin 1.15.12 -->\n\n\n\n<div id=\"grid-gallery-4-12272\" data-gg-id=\"4\" data-title=\"Podcasts\" data-grid-type=\"0\" data-offset=\"7.3\" data-area-position=\"center\" data-icons=\"false\" data-preloader=\"true\" data-width=\"215\" data-height=\"215\" data-padding=\"0\" data-quicksand=\"disabled\" data-quicksand-duration=\"1800\" data-popup-theme=\"theme_6\" data-popup-type=\"pretty-photo\" data-popup-image-text=\"data-description\" data-popup-widthsize=\"auto\" data-popup-heightsize=\"auto\" data-popup-i18n-words=\"{&quot;close&quot;:&quot;fermer&quot;,&quot;next&quot;:&quot;suivant&quot;,&quot;previous&quot;:&quot;pr\\u00e9c\\u00e9dent&quot;,&quot;start_slideshow&quot;:&quot;d\\u00e9marrer le diaporama&quot;,&quot;stop_slideshow&quot;:&quot;arr\\u00e9ter le diaporama&quot;,&quot;image&quot;:&quot;image&quot;,&quot;of&quot;:&quot;de&quot;,&quot;prev&quot;:&quot;pr\\u00e9c.&quot;,&quot;cExpand&quot;:&quot;Agrandir&quot;,&quot;cPrevious&quot;:&quot;Pr\\u00e9c\\u00e9dent&quot;,&quot;cNext&quot;:&quot;Suivant&quot;,&quot;cExpandStr&quot;:&quot;Agrandir l&#039;image&quot;,&quot;cRotate&quot;:&quot;Pivoter&quot;,&quot;cDetails&quot;:&quot;Details&quot;}\" data-popup-slideshow=\"false\" data-popup-slideshow-speed=\"2500\" data-popup-hoverstop=\"true\" data-popup-slideshow-auto=\"false\" data-popup-background=\"\" data-popup-transparency=\"30\" data-popup-disable-history=\"\" data-popup-disable-changed-url=\"\" data-popup-border-type=\"\" data-popup-border-color=\"\" data-popup-border-width=\"\" data-popup-border-enable=\"\" data-fullscreen=\"false\" data-hide-tooltip=\"false\" data-caption-font-family=\"Default\" data-caption-text-size=\"14px\" data-is-mobile=\"0\" data-caption-mobile=\"false\" data-hide-long-tltp-title=\"0\" data-caption-disabled-on-mobile=\"false\" data-popup-placement-type=\"0\" data-social-sharing=\"{&quot;enabled&quot;:&quot;&quot;,&quot;gallerySharing&quot;:{&quot;enabled&quot;:null,&quot;position&quot;:null},&quot;imageSharing&quot;:{&quot;enabled&quot;:null,&quot;wrapperClass&quot;:&quot; vertical \\n &quot;},&quot;popupSharing&quot;:{&quot;enabled&quot;:null,&quot;wrapperClass&quot;:&quot; vertical \\n &quot;}}\" class=\"grid-gallery grid-gallery-fixed \" style=\" width:100%; height:auto ; margin-left:auto; margin-right:auto; position:relative;\" > <div class=\"gallery-loading\"> <div class=\"blocks\"> <div class=\"block\"><\/div> <div class=\"block\"><\/div> <div class=\"block\"><\/div> <div class=\"block\"><\/div> <\/div> <\/div> <div class=\"gallery-sharing-top\"><\/div> <div id=\"photos-4\" class=\"grid-gallery-photos \" > <a id=\"gg-4-15\" class=\"gg-link \" data-attachment-id=\"630\" href=\"https:\/\/podcasters.spotify.com\/pod\/show\/latrumelle\/episodes\/Pff----3-heures-e2242a9\" target=\"_self\" title=\"PFFF\" rel=\"\" data-type=\"link\" style=\"border-radius: 100%;\" ><FIGURE class=\"grid-gallery-caption \" data-grid-gallery-type=\"center\" data-index=\"0\" style=\"display:none;border: 5px solid #ffffff; border-radius: 100%; box-shadow: 0px 0px 10px #000000; ; margin: 7.3px; width:215px;\" ><div class=\"crop \" style=\" width:215px; height:215px; overflow:hidden; \"><img decoding=\"async\" src=\"https:\/\/rojane.fr\/wp-content\/uploads\/2023\/06\/PFFF-215x215.jpg\" class=\"ggImg\" alt=\"PFFF... 3 heures!\" title=\"PFFF\" data-description=\"PFFF\" data-caption=\"691 mots \/ 36000 caract\u00e8res \" data-title=\"PFFF\" style=\" width:215px; height:215px; \" \/><\/div><FIGCAPTION class=\"\" data-alpha=\"10\" style=\"color:#ffffff; background-color:#3498db; font-size:14px; text-align:2; font-family:Default;\" ><div class=\"grid-gallery-figcaption-wrap\" style=\" vertical-align:; \"><div class=\"gg-image-caption fitvidsignore \" style=\"font-size:14px;\"><object type=\"none\/none\"> 691 mots \/ 36000 caract\u00e8res <\/object><\/div><\/div><\/FIGCAPTION><\/FIGURE><\/a> <a id=\"gg-4-16\" class=\"gg-link \" data-attachment-id=\"629\" href=\"https:\/\/podcasters.spotify.com\/pod\/show\/latrumelle\/episodes\/Jamais-bon-la-premire-fois-e263bd6\" target=\"_blank\" title=\"jamais bon\" rel=\"\" data-type=\"link\" style=\"border-radius: 100%;\" ><FIGURE class=\"grid-gallery-caption \" data-grid-gallery-type=\"center\" data-index=\"1\" style=\"display:none;border: 5px solid #ffffff; border-radius: 100%; box-shadow: 0px 0px 10px #000000; ; margin: 7.3px; width:215px;\" ><div class=\"crop \" style=\" width:215px; height:215px; overflow:hidden; \"><img decoding=\"async\" src=\"https:\/\/rojane.fr\/wp-content\/uploads\/2023\/06\/jamais-bon-215x215.jpg\" class=\"ggImg\" alt=\"jamais bon\" title=\"jamais bon\" data-description=\"jamais bon\" data-caption=\"Moins de 300 caract\u00e8res\" data-title=\"jamais bon\" style=\" width:215px; height:215px; \" \/><\/div><FIGCAPTION class=\"\" data-alpha=\"10\" style=\"color:#ffffff; background-color:#3498db; font-size:14px; text-align:2; font-family:Default;\" ><div class=\"grid-gallery-figcaption-wrap\" style=\" vertical-align:; \"><div class=\"gg-image-caption fitvidsignore \" style=\"font-size:14px;\"><object type=\"none\/none\"> Moins de 300 caract\u00e8res <\/object><\/div><\/div><\/FIGCAPTION><\/FIGURE><\/a> <a id=\"gg-4-17\" class=\"gg-link \" data-attachment-id=\"626\" href=\"https:\/\/podcasters.spotify.com\/pod\/show\/latrumelle\/episodes\/Abstention-e263is6\" target=\"_blank\" title=\"abstention\" rel=\"\" data-type=\"link\" style=\"border-radius: 100%;\" ><FIGURE class=\"grid-gallery-caption \" data-grid-gallery-type=\"center\" data-index=\"2\" style=\"display:none;border: 5px solid #ffffff; border-radius: 100%; box-shadow: 0px 0px 10px #000000; ; margin: 7.3px; width:215px;\" ><div class=\"crop \" style=\" width:215px; height:215px; overflow:hidden; \"><img decoding=\"async\" src=\"https:\/\/rojane.fr\/wp-content\/uploads\/2023\/06\/abstention-215x215.jpg\" class=\"ggImg\" alt=\"abstention\" title=\"abstention\" data-description=\"abstention\" data-caption=\"Moins de 300 caract\u00e8res\" data-title=\"abstention\" style=\" width:215px; height:215px; \" \/><\/div><FIGCAPTION class=\"\" data-alpha=\"10\" style=\"color:#ffffff; background-color:#3498db; font-size:14px; text-align:2; font-family:Default;\" ><div class=\"grid-gallery-figcaption-wrap\" style=\" vertical-align:; \"><div class=\"gg-image-caption fitvidsignore \" style=\"font-size:14px;\"><object type=\"none\/none\"> Moins de 300 caract\u00e8res <\/object><\/div><\/div><\/FIGCAPTION><\/FIGURE><\/a> <a id=\"gg-4-18\" class=\"gg-link \" data-attachment-id=\"704\" href=\"https:\/\/podcasters.spotify.com\/pod\/show\/latrumelle\/episodes\/Bise-e26bdrh\" target=\"_self\" title=\"prince-1503345_1280\" rel=\"\" data-type=\"link\" style=\"border-radius: 100%;\" ><FIGURE class=\"grid-gallery-caption \" data-grid-gallery-type=\"center\" data-index=\"3\" style=\"display:none;border: 5px solid #ffffff; border-radius: 100%; box-shadow: 0px 0px 10px #000000; ; margin: 7.3px; width:215px;\" ><div class=\"crop \" style=\" width:215px; height:215px; overflow:hidden; \"><img decoding=\"async\" src=\"https:\/\/rojane.fr\/wp-content\/uploads\/2023\/06\/prince-1503345_1280-215x215.jpg\" class=\"ggImg\" alt=\"prince-1503345_1280\" title=\"prince-1503345_1280\" data-description=\"prince-1503345_1280\" data-caption=\"Moins de 300 caract\u00e8res\" data-title=\"prince-1503345_1280\" style=\" width:215px; height:215px; \" \/><\/div><FIGCAPTION class=\"\" data-alpha=\"10\" style=\"color:#ffffff; background-color:#3498db; font-size:14px; text-align:2; font-family:Default;\" ><div class=\"grid-gallery-figcaption-wrap\" style=\" vertical-align:; \"><div class=\"gg-image-caption fitvidsignore \" style=\"font-size:14px;\"><object type=\"none\/none\"> Moins de 300 caract\u00e8res <\/object><\/div><\/div><\/FIGCAPTION><\/FIGURE><\/a> <div class=\"grid-gallery-clearfix\"><\/div> <\/div> <div class=\"gallery-sharing-bottom\"><\/div> <div class=\"grid-gallery-clearfix\"><\/div> <\/div> <!-- Gallery by Supsystic plugin 1.15.12 -->\n\n\n\n<div class=\"wp-block-columns is-layout-flex wp-container-core-columns-is-layout-9d6595d7 wp-block-columns-is-layout-flex\">\n<div class=\"wp-block-column is-layout-flow wp-block-column-is-layout-flow\" style=\"flex-basis:100%\"><\/div>\n<\/div>\n\n\n\n\n","protected":false},"excerpt":{"rendered":"","protected":false},"author":1,"featured_media":0,"parent":0,"menu_order":0,"comment_status":"closed","ping_status":"closed","template":"","meta":{"footnotes":""},"class_list":["post-179","page","type-page","status-publish","hentry"],"_links":{"self":[{"href":"https:\/\/rojane.fr\/index.php?rest_route=\/wp\/v2\/pages\/179","targetHints":{"allow":["GET"]}}],"collection":[{"href":"https:\/\/rojane.fr\/index.php?rest_route=\/wp\/v2\/pages"}],"about":[{"href":"https:\/\/rojane.fr\/index.php?rest_route=\/wp\/v2\/types\/page"}],"author":[{"embeddable":true,"href":"https:\/\/rojane.fr\/index.php?rest_route=\/wp\/v2\/users\/1"}],"replies":[{"embeddable":true,"href":"https:\/\/rojane.fr\/index.php?rest_route=%2Fwp%2Fv2%2Fcomments&post=179"}],"version-history":[{"count":18,"href":"https:\/\/rojane.fr\/index.php?rest_route=\/wp\/v2\/pages\/179\/revisions"}],"predecessor-version":[{"id":703,"href":"https:\/\/rojane.fr\/index.php?rest_route=\/wp\/v2\/pages\/179\/revisions\/703"}],"wp:attachment":[{"href":"https:\/\/rojane.fr\/index.php?rest_route=%2Fwp%2Fv2%2Fmedia&parent=179"}],"curies":[{"name":"wp","href":"https:\/\/api.w.org\/{rel}","templated":true}]}}